{"id":21,"date":"2017-11-22T15:15:02","date_gmt":"2017-11-22T15:15:02","guid":{"rendered":"http:\/\/marili-studios.codibee.solutions\/extra-page-three\/"},"modified":"2017-11-24T14:06:24","modified_gmt":"2017-11-24T14:06:24","slug":"green-holidays","status":"publish","type":"page","link":"https:\/\/www.marili-studios.gr\/fr\/green-holidays\/","title":{"rendered":"Vertes-vacances"},"content":{"rendered":"<p>Les Appartements Marili passent au vert ! Passez des vacances bio dans les Cyclades.<\/p>\n<p>Les studios et appartements Marili se mettent \u00e0 l&#8217;\u00e9co-tourisme afin de permettre \u00e0 leurs visiteurs de r\u00e9duire leur bilan carbone et d&#8217;appr\u00e9cier des vacances \u00e9co-responsables.<br \/>\n\u2022 Tout le plastique, le verre et les piles utilis\u00e9s dans les chambres sont recycl\u00e9s par le tri s\u00e9lectif de la commune.<br \/>\n\u2022 Les d\u00e9chets organiques sont utilis\u00e9s comme compost dans le jardin, pour produire des fruits et l\u00e9gumes bio dans un jardin florissant.<br \/>\n\u2022 Des panneaux solaires fournissent l&#8217;\u00e9lectricit\u00e9, l&#8217;\u00eele de Paros b\u00e9n\u00e9ficiant d&#8217;un ensoleillement g\u00e9n\u00e9reux toute l&#8217;ann\u00e9e.<\/p>\n<p>&#8230;nos clients profitent ainsi du vin de la propri\u00e9t\u00e9 ainsi que des fruits et l\u00e9gumes frais du jardin.<\/p>\n<p>Les Studios et appartement Marili s&#8217;engagent pour le respect et la protection de l&#8217;environnement de l&#8217;\u00eele de Paros et nous sommes dans une d\u00e9marche d\u2019am\u00e9lioration continue de la gestion environnementale et durable de notre \u00e9tablissement.<\/p>","protected":false},"excerpt":{"rendered":"<p>Les Appartements Marili passent au vert ! Passez des vacances bio dans les Cyclades.<\/p>\n","protected":false},"author":1,"featured_media":59,"parent":0,"menu_order":0,"comment_status":"closed","ping_status":"closed","template":"","meta":{"footnotes":""},"class_list":["post-21","page","type-page","status-publish","has-post-thumbnail","hentry"],"_links":{"self":[{"href":"https:\/\/www.marili-studios.gr\/fr\/wp-json\/wp\/v2\/pages\/21","targetHints":{"allow":["GET"]}}],"collection":[{"href":"https:\/\/www.marili-studios.gr\/fr\/wp-json\/wp\/v2\/pages"}],"about":[{"href":"https:\/\/www.marili-studios.gr\/fr\/wp-json\/wp\/v2\/types\/page"}],"author":[{"embeddable":true,"href":"https:\/\/www.marili-studios.gr\/fr\/wp-json\/wp\/v2\/users\/1"}],"replies":[{"embeddable":true,"href":"https:\/\/www.marili-studios.gr\/fr\/wp-json\/wp\/v2\/comments?post=21"}],"version-history":[{"count":1,"href":"https:\/\/www.marili-studios.gr\/fr\/wp-json\/wp\/v2\/pages\/21\/revisions"}],"predecessor-version":[{"id":102,"href":"https:\/\/www.marili-studios.gr\/fr\/wp-json\/wp\/v2\/pages\/21\/revisions\/102"}],"wp:featuredmedia":[{"embeddable":true,"href":"https:\/\/www.marili-studios.gr\/fr\/wp-json\/wp\/v2\/media\/59"}],"wp:attachment":[{"href":"https:\/\/www.marili-studios.gr\/fr\/wp-json\/wp\/v2\/media?parent=21"}],"curies":[{"name":"wp","href":"https:\/\/api.w.org\/{rel}","templated":true}]}}

<p>Les Appartements Marili passent au vert ! Passez des vacances bio dans les Cyclades.</p>
<p>Les studios et appartements Marili se mettent à l&#8217;éco-tourisme afin de permettre à leurs visiteurs de réduire leur bilan carbone et d&#8217;apprécier des vacances éco-responsables.<br />
• Tout le plastique, le verre et les piles utilisés dans les chambres sont recyclés par le tri sélectif de la commune.<br />
• Les déchets organiques sont utilisés comme compost dans le jardin, pour produire des fruits et légumes bio dans un jardin florissant.<br />
• Des panneaux solaires fournissent l&#8217;électricité, l&#8217;île de Paros bénéficiant d&#8217;un ensoleillement généreux toute l&#8217;année.</p>
<p>&#8230;nos clients profitent ainsi du vin de la propriété ainsi que des fruits et légumes frais du jardin.</p>
<p>Les Studios et appartement Marili s&#8217;engagent pour le respect et la protection de l&#8217;environnement de l&#8217;île de Paros et nous sommes dans une démarche d’amélioration continue de la gestion environnementale et durable de notre établissement.</p>
